{"id":46,"date":"2020-08-27T17:43:40","date_gmt":"2020-08-27T17:43:40","guid":{"rendered":"http:\/\/gerolfingen-evangelisch.de\/?page_id=46"},"modified":"2020-08-27T18:45:59","modified_gmt":"2020-08-27T18:45:59","slug":"kirchenvorstand-aufkirchen","status":"publish","type":"page","link":"https:\/\/gerolfingen-evangelisch.de\/?page_id=46","title":{"rendered":"Kirchenvorstand Aufkirchen"},"content":{"rendered":"\n<figure class=\"wp-block-pullquote\"><blockquote><p><\/p><cite><strong>Sabine Sch\u00e4fer<br><\/strong>VertrauensfrauAufkirchen<br>91726 Gerolfingen<br>09854 979580<br><strong>thorsten_sabine(at)t-online.de<\/strong><br><br><strong>Martin St\u00f6hr<br><\/strong>stellvertretender Vertrauensmann<br>Aufkirchen<br>91726 Gerolfingen<br>09854 979734<br><strong>jams.stoehr(at)gmx.de<\/strong><br><br><strong>Margit Stra\u00df<\/strong><br>Aufkirchen<br>91726 Gerolfingen<br>09854 394<br><strong>margitstrass(at)gmx.de<\/strong><br><br><strong>Rainer Sch\u00fclein<\/strong><br>Irsingen 21<br>91726 Gerolfingen<br>09854 9650<br><strong>rainer.schuelein(at)elkb.de<\/strong><br><br><strong>Fritz Weinl\u00e4nder<\/strong><br>Aufkirchen<br>91726 Gerolfingen<br><br><strong>Peter Seidlitz<\/strong><br>Aufkirchen<br>91726 Gerolfingen<br>09854 272<br><strong>seidlitz.gmbh(at)t-online.de<\/strong><\/cite><\/blockquote><\/figure>\n","protected":false},"excerpt":{"rendered":"<p>Sabine Sch\u00e4ferVertrauensfrauAufkirchen91726 Gerolfingen09854 979580thorsten_sabine(at)t-online.de Martin St\u00f6hrstellvertretender VertrauensmannAufkirchen91726 Gerolfingen09854 979734jams.stoehr(at)gmx.de Margit Stra\u00dfAufkirchen91726 Gerolfingen09854 394margitstrass(at)gmx.de Rainer Sch\u00fcleinIrsingen 2191726 Gerolfingen09854 9650rainer.schuelein(at)elkb.de Fritz Weinl\u00e4nderAufkirchen91726 Gerolfingen Peter SeidlitzAufkirchen91726 Gerolfingen09854 272seidlitz.gmbh(at)t-online.de<\/p>\n","protected":false},"author":1,"featured_media":0,"parent":0,"menu_order":0,"comment_status":"closed","ping_status":"closed","template":"page-templates\/ohne-seitenkopf_page.php","meta":[],"_links":{"self":[{"href":"https:\/\/gerolfingen-evangelisch.de\/index.php?rest_route=\/wp\/v2\/pages\/46"}],"collection":[{"href":"https:\/\/gerolfingen-evangelisch.de\/index.php?rest_route=\/wp\/v2\/pages"}],"about":[{"href":"https:\/\/gerolfingen-evangelisch.de\/index.php?rest_route=\/wp\/v2\/types\/page"}],"author":[{"embeddable":true,"href":"https:\/\/gerolfingen-evangelisch.de\/index.php?rest_route=\/wp\/v2\/users\/1"}],"replies":[{"embeddable":true,"href":"https:\/\/gerolfingen-evangelisch.de\/index.php?rest_route=%2Fwp%2Fv2%2Fcomments&post=46"}],"version-history":[{"count":1,"href":"https:\/\/gerolfingen-evangelisch.de\/index.php?rest_route=\/wp\/v2\/pages\/46\/revisions"}],"predecessor-version":[{"id":48,"href":"https:\/\/gerolfingen-evangelisch.de\/index.php?rest_route=\/wp\/v2\/pages\/46\/revisions\/48"}],"wp:attachment":[{"href":"https:\/\/gerolfingen-evangelisch.de\/index.php?rest_route=%2Fwp%2Fv2%2Fmedia&parent=46"}],"curies":[{"name":"wp","href":"https:\/\/api.w.org\/{rel}","templated":true}]}}

<figure class="wp-block-pullquote"><blockquote><p></p><cite><strong>Sabine Schäfer<br></strong>VertrauensfrauAufkirchen<br>91726 Gerolfingen<br>09854 979580<br><strong>thorsten_sabine(at)t-online.de</strong><br><br><strong>Martin Stöhr<br></strong>stellvertretender Vertrauensmann<br>Aufkirchen<br>91726 Gerolfingen<br>09854 979734<br><strong>jams.stoehr(at)gmx.de</strong><br><br><strong>Margit Straß</strong><br>Aufkirchen<br>91726 Gerolfingen<br>09854 394<br><strong>margitstrass(at)gmx.de</strong><br><br><strong>Rainer Schülein</strong><br>Irsingen 21<br>91726 Gerolfingen<br>09854 9650<br><strong>rainer.schuelein(at)elkb.de</strong><br><br><strong>Fritz Weinländer</strong><br>Aufkirchen<br>91726 Gerolfingen<br><br><strong>Peter Seidlitz</strong><br>Aufkirchen<br>91726 Gerolfingen<br>09854 272<br><strong>seidlitz.gmbh(at)t-online.de</strong></cite></blockquote></figure>

<p>Sabine SchäferVertrauensfrauAufkirchen91726 Gerolfingen09854 979580thorsten_sabine(at)t-online.de Martin Stöhrstellvertretender VertrauensmannAufkirchen91726 Gerolfingen09854 979734jams.stoehr(at)gmx.de Margit StraßAufkirchen91726 Gerolfingen09854 394margitstrass(at)gmx.de Rainer SchüleinIrsingen 2191726 Gerolfingen09854 9650rainer.schuelein(at)elkb.de Fritz WeinländerAufkirchen91726 Gerolfingen Peter SeidlitzAufkirchen91726 Gerolfingen09854 272seidlitz.gmbh(at)t-online.de</p>
