{"id":34,"date":"2020-08-27T17:35:10","date_gmt":"2020-08-27T17:35:10","guid":{"rendered":"http:\/\/gerolfingen-evangelisch.de\/?page_id=34"},"modified":"2023-07-26T13:07:59","modified_gmt":"2023-07-26T13:07:59","slug":"pfarramt","status":"publish","type":"page","link":"https:\/\/gerolfingen-evangelisch.de\/?page_id=34","title":{"rendered":"Pfarramt"},"content":{"rendered":"\n<p class=\"has-medium-font-size\"><strong>Pfarrer <\/strong>Christian Dellert<\/p>\n\n\n\n<p>Pfarrstra\u00dfe 4<br>91726 Gerolfingen<\/p>\n\n\n\n<p>Telefon: 09854 229<\/p>\n\n\n\n<p>Mail: pfarramt.gerolfingen(at)elkb.de<\/p>\n\n\n\n<p>Mail: christian.dellert@elkb.de<\/p>\n\n\n\n<p><\/p>\n\n\n\n<hr class=\"wp-block-separator has-css-opacity\"\/>\n\n\n\n<p><\/p>\n\n\n\n<p class=\"has-medium-font-size\"><strong>Erni Sch\u00fcbel<\/strong><br>Sekret\u00e4rin<\/p>\n\n\n\n<p>Kirchenweg 5<br>91726 Gerolfingen<\/p>\n\n\n\n<p>Telefon: 09854 1299<\/p>\n\n\n\n<p>Mail:&nbsp;erna.schuebel(at)web.de<\/p>\n","protected":false},"excerpt":{"rendered":"<p>Pfarrer Christian Dellert Pfarrstra\u00dfe 491726 Gerolfingen Telefon: 09854 229 Mail: pfarramt.gerolfingen(at)elkb.de Mail: christian.dellert@elkb.de Erni Sch\u00fcbelSekret\u00e4rin Kirchenweg 591726 Gerolfingen Telefon: 09854 1299 Mail:&nbsp;erna.schuebel(at)web.de<\/p>\n","protected":false},"author":1,"featured_media":0,"parent":0,"menu_order":0,"comment_status":"closed","ping_status":"closed","template":"","meta":[],"_links":{"self":[{"href":"https:\/\/gerolfingen-evangelisch.de\/index.php?rest_route=\/wp\/v2\/pages\/34"}],"collection":[{"href":"https:\/\/gerolfingen-evangelisch.de\/index.php?rest_route=\/wp\/v2\/pages"}],"about":[{"href":"https:\/\/gerolfingen-evangelisch.de\/index.php?rest_route=\/wp\/v2\/types\/page"}],"author":[{"embeddable":true,"href":"https:\/\/gerolfingen-evangelisch.de\/index.php?rest_route=\/wp\/v2\/users\/1"}],"replies":[{"embeddable":true,"href":"https:\/\/gerolfingen-evangelisch.de\/index.php?rest_route=%2Fwp%2Fv2%2Fcomments&post=34"}],"version-history":[{"count":6,"href":"https:\/\/gerolfingen-evangelisch.de\/index.php?rest_route=\/wp\/v2\/pages\/34\/revisions"}],"predecessor-version":[{"id":861,"href":"https:\/\/gerolfingen-evangelisch.de\/index.php?rest_route=\/wp\/v2\/pages\/34\/revisions\/861"}],"wp:attachment":[{"href":"https:\/\/gerolfingen-evangelisch.de\/index.php?rest_route=%2Fwp%2Fv2%2Fmedia&parent=34"}],"curies":[{"name":"wp","href":"https:\/\/api.w.org\/{rel}","templated":true}]}}

<p class="has-medium-font-size"><strong>Pfarrer </strong>Christian Dellert</p>



<p>Pfarrstraße 4<br>91726 Gerolfingen</p>



<p>Telefon: 09854 229</p>



<p>Mail: pfarramt.gerolfingen(at)elkb.de</p>



<p>Mail: christian.dellert@elkb.de</p>



<p></p>



<hr class="wp-block-separator has-css-opacity"/>



<p></p>



<p class="has-medium-font-size"><strong>Erni Schübel</strong><br>Sekretärin</p>



<p>Kirchenweg 5<br>91726 Gerolfingen</p>



<p>Telefon: 09854 1299</p>



<p>Mail:&nbsp;erna.schuebel(at)web.de</p>

<p>Pfarrer Christian Dellert Pfarrstraße 491726 Gerolfingen Telefon: 09854 229 Mail: pfarramt.gerolfingen(at)elkb.de Mail: christian.dellert@elkb.de Erni SchübelSekretärin Kirchenweg 591726 Gerolfingen Telefon: 09854 1299 Mail:&nbsp;erna.schuebel(at)web.de</p>
