{"id":975,"date":"2024-11-24T13:33:45","date_gmt":"2024-11-24T13:33:45","guid":{"rendered":"https:\/\/gerolfingen-evangelisch.de\/?page_id=975"},"modified":"2024-11-24T13:35:38","modified_gmt":"2024-11-24T13:35:38","slug":"besuchsdienst","status":"publish","type":"page","link":"http:\/\/gerolfingen-evangelisch.de\/?page_id=975","title":{"rendered":"Besuchsdienst"},"content":{"rendered":"\n<figure class=\"wp-block-image size-full is-resized\"><img decoding=\"async\" loading=\"lazy\" src=\"https:\/\/gerolfingen-evangelisch.de\/wp-content\/uploads\/2024\/11\/besuchsdienst.png\" alt=\"\" class=\"wp-image-976\" width=\"343\" height=\"262\" srcset=\"http:\/\/gerolfingen-evangelisch.de\/wp-content\/uploads\/2024\/11\/besuchsdienst.png 638w, http:\/\/gerolfingen-evangelisch.de\/wp-content\/uploads\/2024\/11\/besuchsdienst-300x229.png 300w\" sizes=\"(max-width: 343px) 100vw, 343px\" \/><\/figure>\n\n\n\n<p>Zur Unterst\u00fctzung unseres damaligen Pfarrers Dieter Gerh\u00e4user war die Idee im Kirchenvorstand, einen Besuchs-dienst zu gr\u00fcnden, um Jubilare der Kirchengemeinden Gerolfingen mit Hesselberg und Aufkirchen mit Irsingen zu gratulieren. Wir bekamen Hilfe von Pfarrer L\u00f6der aus Dinkelsb\u00fchl, der von seiner Arbeit in der Seelsorge berichtete. Mit seinen Tipps starteten bereits im Jahr 2015 vier Mitglieder vom Kirchenvorstand.<br>Nach meiner aktiven Zeit im Kirchen-vorstand beendete ich dieses Ehrenamt, bin jedoch seit einem Jahr wieder unterwegs, um im Auftrag der Kirchen-gemeinde die Geburtstagskinder in Aufkirchen und Irsingen zu begl\u00fcck-w\u00fcnschen. Diese Arbeit macht mir sehr gro\u00dfen Spa\u00df. Ich sp\u00fcre das Vertrauen, das mir entgegengebracht wird, und freue mich, wenn wir in entspannter Runde \u00fcber Gott und die Welt plaudern. Bleiben Sie gesund und beh\u00fctet durch Gottes Gnade, dass Sie noch viele Geburtstage feiern k\u00f6nnen. Vielleicht komme ich auch bei Ihnen wieder vorbei. <strong>Heidrun Schmitz<\/strong><\/p>\n\n\n\n<p>F\u00fcr die Kirchengemeinde Gerolfingen bin ich im Geburtstagsbesuchsdienst unterwegs. Jeder Mensch ist es wert, dass er, besonders am Geburtstag etwas Zeit, Wertsch\u00e4tzung und Zuwendung erf\u00e4hrt. Ein sch\u00f6ner Anlass um mit einem Teil der Gemeindeglieder in Kontakt zu treten. Kurz auf einen Sprung, ohne irgendeine Verpflichtung, am Ehrentag oder bald danach \u2013 einfach untereinander verbunden sein \u2013 als Mensch \u2013 und ber\u00fchrbar bleiben f\u00fcr das Leben. Jeder einzelne Besuch ist auch eine Bereicherung f\u00fcr mich pers\u00f6nlich, dieses Ehrenamt macht mir Freude und gerne mache ich weiter, wenn der neue KV keine \u00c4nderung w\u00fcnscht.<br>Es wurde f\u00fcr die gesamte Gemeinde so geregelt, dass der Besuchsdienst zum 71. bis 74. und vom 76. bis 79. Geburts-tag kommt. Zum 70., 75., 80. und danach zu allen weiteren Geburtstagen kommt der Gemeindepfarrer pers\u00f6nlich vorbei. <strong>Annette Nehmeyer<\/strong><\/p>\n","protected":false},"excerpt":{"rendered":"<p>Zur Unterst\u00fctzung unseres damaligen Pfarrers Dieter Gerh\u00e4user war die Idee im Kirchenvorstand, einen Besuchs-dienst zu gr\u00fcnden, um Jubilare der Kirchengemeinden Gerolfingen mit Hesselberg und Aufkirchen mit Irsingen zu gratulieren. Wir bekamen Hilfe von Pfarrer L\u00f6der aus Dinkelsb\u00fchl, der von seiner Arbeit in der Seelsorge berichtete. Mit seinen Tipps starteten bereits im Jahr 2015 vier Mitglieder <a class=\"more-link\" href=\"http:\/\/gerolfingen-evangelisch.de\/?page_id=975\">Weiterlesen <i class=\"fa fa-chevron-right\"><\/i><\/a><\/p>\n","protected":false},"author":1,"featured_media":0,"parent":0,"menu_order":0,"comment_status":"closed","ping_status":"closed","template":"","meta":[],"_links":{"self":[{"href":"http:\/\/gerolfingen-evangelisch.de\/index.php?rest_route=\/wp\/v2\/pages\/975"}],"collection":[{"href":"http:\/\/gerolfingen-evangelisch.de\/index.php?rest_route=\/wp\/v2\/pages"}],"about":[{"href":"http:\/\/gerolfingen-evangelisch.de\/index.php?rest_route=\/wp\/v2\/types\/page"}],"author":[{"embeddable":true,"href":"http:\/\/gerolfingen-evangelisch.de\/index.php?rest_route=\/wp\/v2\/users\/1"}],"replies":[{"embeddable":true,"href":"http:\/\/gerolfingen-evangelisch.de\/index.php?rest_route=%2Fwp%2Fv2%2Fcomments&post=975"}],"version-history":[{"count":2,"href":"http:\/\/gerolfingen-evangelisch.de\/index.php?rest_route=\/wp\/v2\/pages\/975\/revisions"}],"predecessor-version":[{"id":979,"href":"http:\/\/gerolfingen-evangelisch.de\/index.php?rest_route=\/wp\/v2\/pages\/975\/revisions\/979"}],"wp:attachment":[{"href":"http:\/\/gerolfingen-evangelisch.de\/index.php?rest_route=%2Fwp%2Fv2%2Fmedia&parent=975"}],"curies":[{"name":"wp","href":"https:\/\/api.w.org\/{rel}","templated":true}]}}

<figure class="wp-block-image size-full is-resized"><img decoding="async" loading="lazy" src="https://gerolfingen-evangelisch.de/wp-content/uploads/2024/11/besuchsdienst.png" alt="" class="wp-image-976" width="343" height="262" srcset="http://gerolfingen-evangelisch.de/wp-content/uploads/2024/11/besuchsdienst.png 638w, http://gerolfingen-evangelisch.de/wp-content/uploads/2024/11/besuchsdienst-300x229.png 300w" sizes="(max-width: 343px) 100vw, 343px" /></figure>



<p>Zur Unterstützung unseres damaligen Pfarrers Dieter Gerhäuser war die Idee im Kirchenvorstand, einen Besuchs-dienst zu gründen, um Jubilare der Kirchengemeinden Gerolfingen mit Hesselberg und Aufkirchen mit Irsingen zu gratulieren. Wir bekamen Hilfe von Pfarrer Löder aus Dinkelsbühl, der von seiner Arbeit in der Seelsorge berichtete. Mit seinen Tipps starteten bereits im Jahr 2015 vier Mitglieder vom Kirchenvorstand.<br>Nach meiner aktiven Zeit im Kirchen-vorstand beendete ich dieses Ehrenamt, bin jedoch seit einem Jahr wieder unterwegs, um im Auftrag der Kirchen-gemeinde die Geburtstagskinder in Aufkirchen und Irsingen zu beglück-wünschen. Diese Arbeit macht mir sehr großen Spaß. Ich spüre das Vertrauen, das mir entgegengebracht wird, und freue mich, wenn wir in entspannter Runde über Gott und die Welt plaudern. Bleiben Sie gesund und behütet durch Gottes Gnade, dass Sie noch viele Geburtstage feiern können. Vielleicht komme ich auch bei Ihnen wieder vorbei. <strong>Heidrun Schmitz</strong></p>



<p>Für die Kirchengemeinde Gerolfingen bin ich im Geburtstagsbesuchsdienst unterwegs. Jeder Mensch ist es wert, dass er, besonders am Geburtstag etwas Zeit, Wertschätzung und Zuwendung erfährt. Ein schöner Anlass um mit einem Teil der Gemeindeglieder in Kontakt zu treten. Kurz auf einen Sprung, ohne irgendeine Verpflichtung, am Ehrentag oder bald danach – einfach untereinander verbunden sein – als Mensch – und berührbar bleiben für das Leben. Jeder einzelne Besuch ist auch eine Bereicherung für mich persönlich, dieses Ehrenamt macht mir Freude und gerne mache ich weiter, wenn der neue KV keine Änderung wünscht.<br>Es wurde für die gesamte Gemeinde so geregelt, dass der Besuchsdienst zum 71. bis 74. und vom 76. bis 79. Geburts-tag kommt. Zum 70., 75., 80. und danach zu allen weiteren Geburtstagen kommt der Gemeindepfarrer persönlich vorbei. <strong>Annette Nehmeyer</strong></p>

<p>Zur Unterstützung unseres damaligen Pfarrers Dieter Gerhäuser war die Idee im Kirchenvorstand, einen Besuchs-dienst zu gründen, um Jubilare der Kirchengemeinden Gerolfingen mit Hesselberg und Aufkirchen mit Irsingen zu gratulieren. Wir bekamen Hilfe von Pfarrer Löder aus Dinkelsbühl, der von seiner Arbeit in der Seelsorge berichtete. Mit seinen Tipps starteten bereits im Jahr 2015 vier Mitglieder <a class="more-link" href="http://gerolfingen-evangelisch.de/?page_id=975">Weiterlesen <i class="fa fa-chevron-right"></i></a></p>
