{"id":966,"date":"2024-11-24T13:24:35","date_gmt":"2024-11-24T13:24:35","guid":{"rendered":"https:\/\/gerolfingen-evangelisch.de\/?page_id=966"},"modified":"2024-11-24T13:24:35","modified_gmt":"2024-11-24T13:24:35","slug":"kirchenpflegerinnen","status":"publish","type":"page","link":"http:\/\/gerolfingen-evangelisch.de\/?page_id=966","title":{"rendered":"Kirchenpflegerinnen"},"content":{"rendered":"\n<div class=\"wp-block-media-text alignwide is-stacked-on-mobile\"><figure class=\"wp-block-media-text__media\"><img decoding=\"async\" loading=\"lazy\" width=\"647\" height=\"488\" src=\"http:\/\/gerolfingen-evangelisch.de\/wp-content\/uploads\/2024\/11\/kirchenpflegerinnen.png\" alt=\"\" class=\"wp-image-967 size-full\" srcset=\"http:\/\/gerolfingen-evangelisch.de\/wp-content\/uploads\/2024\/11\/kirchenpflegerinnen.png 647w, http:\/\/gerolfingen-evangelisch.de\/wp-content\/uploads\/2024\/11\/kirchenpflegerinnen-300x226.png 300w\" sizes=\"(max-width: 647px) 100vw, 647px\" \/><\/figure><div class=\"wp-block-media-text__content\">\n<p>Wir sind die Verwalterinnen der Spar-b\u00fccher unserer Kirchengemeinde: Ger-linde H\u00f6henberger f\u00fcr Gerolfingen und Nicole Str\u00f6hlein f\u00fcr Aufkirchen. Mit un-seren Vorkenntnissen und langj\u00e4hrigen Erfahrungen als Bankkauffrauen k\u00f6nnen wir uns in unseren Gemeinden einbrin-gen und unseren Teil dazu beitragen, dass Kirche vor Ort eine Zukunft hat.<\/p>\n<\/div><\/div>\n","protected":false},"excerpt":{"rendered":"<p>Wir sind die Verwalterinnen der Spar-b\u00fccher unserer Kirchengemeinde: Ger-linde H\u00f6henberger f\u00fcr Gerolfingen und Nicole Str\u00f6hlein f\u00fcr Aufkirchen. Mit un-seren Vorkenntnissen und langj\u00e4hrigen Erfahrungen als Bankkauffrauen k\u00f6nnen wir uns in unseren Gemeinden einbrin-gen und unseren Teil dazu beitragen, dass Kirche vor Ort eine Zukunft hat.<\/p>\n","protected":false},"author":1,"featured_media":0,"parent":0,"menu_order":0,"comment_status":"closed","ping_status":"closed","template":"","meta":[],"_links":{"self":[{"href":"http:\/\/gerolfingen-evangelisch.de\/index.php?rest_route=\/wp\/v2\/pages\/966"}],"collection":[{"href":"http:\/\/gerolfingen-evangelisch.de\/index.php?rest_route=\/wp\/v2\/pages"}],"about":[{"href":"http:\/\/gerolfingen-evangelisch.de\/index.php?rest_route=\/wp\/v2\/types\/page"}],"author":[{"embeddable":true,"href":"http:\/\/gerolfingen-evangelisch.de\/index.php?rest_route=\/wp\/v2\/users\/1"}],"replies":[{"embeddable":true,"href":"http:\/\/gerolfingen-evangelisch.de\/index.php?rest_route=%2Fwp%2Fv2%2Fcomments&post=966"}],"version-history":[{"count":2,"href":"http:\/\/gerolfingen-evangelisch.de\/index.php?rest_route=\/wp\/v2\/pages\/966\/revisions"}],"predecessor-version":[{"id":970,"href":"http:\/\/gerolfingen-evangelisch.de\/index.php?rest_route=\/wp\/v2\/pages\/966\/revisions\/970"}],"wp:attachment":[{"href":"http:\/\/gerolfingen-evangelisch.de\/index.php?rest_route=%2Fwp%2Fv2%2Fmedia&parent=966"}],"curies":[{"name":"wp","href":"https:\/\/api.w.org\/{rel}","templated":true}]}}

<div class="wp-block-media-text alignwide is-stacked-on-mobile"><figure class="wp-block-media-text__media"><img decoding="async" loading="lazy" width="647" height="488" src="http://gerolfingen-evangelisch.de/wp-content/uploads/2024/11/kirchenpflegerinnen.png" alt="" class="wp-image-967 size-full" srcset="http://gerolfingen-evangelisch.de/wp-content/uploads/2024/11/kirchenpflegerinnen.png 647w, http://gerolfingen-evangelisch.de/wp-content/uploads/2024/11/kirchenpflegerinnen-300x226.png 300w" sizes="(max-width: 647px) 100vw, 647px" /></figure><div class="wp-block-media-text__content">
<p>Wir sind die Verwalterinnen der Spar-bücher unserer Kirchengemeinde: Ger-linde Höhenberger für Gerolfingen und Nicole Ströhlein für Aufkirchen. Mit un-seren Vorkenntnissen und langjährigen Erfahrungen als Bankkauffrauen können wir uns in unseren Gemeinden einbrin-gen und unseren Teil dazu beitragen, dass Kirche vor Ort eine Zukunft hat.</p>
</div></div>

<p>Wir sind die Verwalterinnen der Spar-bücher unserer Kirchengemeinde: Ger-linde Höhenberger für Gerolfingen und Nicole Ströhlein für Aufkirchen. Mit un-seren Vorkenntnissen und langjährigen Erfahrungen als Bankkauffrauen können wir uns in unseren Gemeinden einbrin-gen und unseren Teil dazu beitragen, dass Kirche vor Ort eine Zukunft hat.</p>
