{"id":959,"date":"2024-11-24T13:19:49","date_gmt":"2024-11-24T13:19:49","guid":{"rendered":"https:\/\/gerolfingen-evangelisch.de\/?page_id=959"},"modified":"2024-11-24T13:22:23","modified_gmt":"2024-11-24T13:22:23","slug":"weltgebetstags-team","status":"publish","type":"page","link":"http:\/\/gerolfingen-evangelisch.de\/?page_id=959","title":{"rendered":"Weltgebetstags-Team"},"content":{"rendered":"\n<div class=\"is-layout-constrained wp-block-group\"><div class=\"wp-block-group__inner-container\">\n<div class=\"is-layout-constrained wp-block-group\"><div class=\"wp-block-group__inner-container\">\n<div class=\"is-layout-constrained wp-block-group\"><div class=\"wp-block-group__inner-container\">\n<div class=\"is-layout-flex wp-container-2 wp-block-columns\">\n<div class=\"is-layout-flow wp-block-column\" style=\"flex-basis:100%\">\n<p><strong>Weltgebetstag<br>Der Informationsnachmittag f\u00fcr den Weltgebetstag 2025 wird f\u00fcr das ganze Dekanat am Samstag, 08.02.2025 um 14:00 Uhr im Haus der Kirche in Wassertr\u00fcdingen gehalten.<\/strong><\/p>\n\n\n\n<div class=\"wp-block-media-text alignwide is-stacked-on-mobile is-vertically-aligned-top\"><figure class=\"wp-block-media-text__media\"><img decoding=\"async\" loading=\"lazy\" width=\"639\" height=\"480\" src=\"https:\/\/gerolfingen-evangelisch.de\/wp-content\/uploads\/2024\/11\/weltgebetstagsteam.png\" alt=\"\" class=\"wp-image-961 size-full\" srcset=\"http:\/\/gerolfingen-evangelisch.de\/wp-content\/uploads\/2024\/11\/weltgebetstagsteam.png 639w, http:\/\/gerolfingen-evangelisch.de\/wp-content\/uploads\/2024\/11\/weltgebetstagsteam-300x225.png 300w\" sizes=\"(max-width: 639px) 100vw, 639px\" \/><\/figure><div class=\"wp-block-media-text__content\">\n<p>Als Weltgebetstags-Team \u2013 seit 2010 mit einer kurzen Unterbrechung in der Coronazeit \u2013 feiern und gestalten wir den Weltgebetstag jeweils am 1. Freitag im M\u00e4rz zusammen mit den Frauen aus Aufkirchen, Gerolfingen und R\u00f6ckingen. Es ist uns ein Herzensanliegen, uns in die weltweite Gebetskette rund um den Globus an diesem einen Tag auch hier in unseren Gemeinden einzubinden und mit allen Christen der Welt f\u00fcr die Menschen des Weltgebetstagslandes zu beten.<\/p>\n\n\n\n<p>Unser Gruppenfoto vom Weltgebetstag am 01.03.2024 in R\u00f6ckingen. Vordere Reihe: Ulrike Schober, Ruth Illner, Christa Lauterbach, Helga Sch\u00fclein, Margit Stra\u00df, Christine Lutz, Inge Meyer, Johanna<br>Str\u00f6hlein, Melanie Gruber, Frieda Seidlitz, Melissa Gruber; Hintere Reihe: Werner Lauterbach, Sylvia Sch\u00fcbel, Birgit<br>Rothgang, Ute Schmidt und Hildegard Linse<\/p>\n<\/div><\/div>\n<\/div>\n<\/div>\n<\/div><\/div>\n<\/div><\/div>\n<\/div><\/div>\n","protected":false},"excerpt":{"rendered":"<p>WeltgebetstagDer Informationsnachmittag f\u00fcr den Weltgebetstag 2025 wird f\u00fcr das ganze Dekanat am Samstag, 08.02.2025 um 14:00 Uhr im Haus der Kirche in Wassertr\u00fcdingen gehalten. Als Weltgebetstags-Team \u2013 seit 2010 mit einer kurzen Unterbrechung in der Coronazeit \u2013 feiern und gestalten wir den Weltgebetstag jeweils am 1. Freitag im M\u00e4rz zusammen mit den Frauen aus Aufkirchen, <a class=\"more-link\" href=\"http:\/\/gerolfingen-evangelisch.de\/?page_id=959\">Weiterlesen <i class=\"fa fa-chevron-right\"><\/i><\/a><\/p>\n","protected":false},"author":1,"featured_media":0,"parent":0,"menu_order":0,"comment_status":"closed","ping_status":"closed","template":"","meta":[],"_links":{"self":[{"href":"http:\/\/gerolfingen-evangelisch.de\/index.php?rest_route=\/wp\/v2\/pages\/959"}],"collection":[{"href":"http:\/\/gerolfingen-evangelisch.de\/index.php?rest_route=\/wp\/v2\/pages"}],"about":[{"href":"http:\/\/gerolfingen-evangelisch.de\/index.php?rest_route=\/wp\/v2\/types\/page"}],"author":[{"embeddable":true,"href":"http:\/\/gerolfingen-evangelisch.de\/index.php?rest_route=\/wp\/v2\/users\/1"}],"replies":[{"embeddable":true,"href":"http:\/\/gerolfingen-evangelisch.de\/index.php?rest_route=%2Fwp%2Fv2%2Fcomments&post=959"}],"version-history":[{"count":2,"href":"http:\/\/gerolfingen-evangelisch.de\/index.php?rest_route=\/wp\/v2\/pages\/959\/revisions"}],"predecessor-version":[{"id":965,"href":"http:\/\/gerolfingen-evangelisch.de\/index.php?rest_route=\/wp\/v2\/pages\/959\/revisions\/965"}],"wp:attachment":[{"href":"http:\/\/gerolfingen-evangelisch.de\/index.php?rest_route=%2Fwp%2Fv2%2Fmedia&parent=959"}],"curies":[{"name":"wp","href":"https:\/\/api.w.org\/{rel}","templated":true}]}}