{"id":105,"date":"2020-09-09T17:20:26","date_gmt":"2020-09-09T17:20:26","guid":{"rendered":"http:\/\/gerolfingen-evangelisch.de\/?page_id=105"},"modified":"2020-09-09T17:45:49","modified_gmt":"2020-09-09T17:45:49","slug":"gerolfingen","status":"publish","type":"page","link":"http:\/\/gerolfingen-evangelisch.de\/?page_id=105","title":{"rendered":"Gerolfingen"},"content":{"rendered":"\n<h3>Willkommen auf der Sonnenseite des Hesselberges bei der Evangelisch-Lutherischen Kirchengemeinde Gerolfingen im Dekanat Wassertr\u00fcdingen!<\/h3>\n\n\n\n<p>Am Fu\u00df des Hesselbergs, dem &#8222;Zeugenberg&#8220; Mittelfrankens, nah am Kulturerbe &#8222;Limes&#8220; liegt Gerolfingen.<br><br>Die St. Erhardskirche wacht, von der Hauptstra\u00dfe etwas abger\u00fcckt, \u00fcber die H\u00f6fe und H\u00e4user des Stra\u00dfendorfes im W\u00f6rnitztal.<\/p>\n\n\n\n<h3>Gottesdienste, Veranstaltungen, Seelsorge<\/h3>\n\n\n\n<p>Gottesdienste sonntags w\u00f6chentlich im Wechsel um<br>8 Uhr 45 und 10 Uhr,<br><br>Unsere vielf\u00e4ltigen kirchlichen Veranstaltungen werden im Gemeindebrief &#8222;Die Br\u00fccke&#8220; und in der Tagespresse bekannt gegeben.<\/p>\n\n\n\n<h3>&#8222;Evangelisch sein: in Glaube, Theologie und Leben&#8220;<\/h3>\n\n\n\n<p>Wenn Sie viel wollen &#8211; viel f\u00fcr den Verstand, die Seele und Ihr Handeln &#8211; dann wird die Evangelische Kirche Ihnen auch viel bieten.<br><br>Diese Homepage ist nicht geeignet, hier die F\u00fclle und hohe Qualit\u00e4t des Protestantismus darzustellen. Au\u00dferdem geht es ja um IHRE individuellen Fragen und Ans\u00e4tze &#8211; und da ist das pers\u00f6nliche Gespr\u00e4ch mit Fachleuten jedem Internetauftritt \u00fcberlegen. Darum: Wenden Sie sich an Ihre Pfarrerin und Ihren Pfarrer &#8211; dies sind Menschen, die das Fachwissen der Theologie mit der Praxis von Seelsorge und Leben verbinden und gerne f\u00fcr Sie da sind! Unsere Angebote sind f\u00fcr Sie kostenfrei!<br><br>Ganz anders, aber durchaus auch weiterf\u00fchrend:\u00a0<a rel=\"noreferrer noopener\" href=\"http:\/\/www.ekd.de\/\" target=\"_blank\">http:\/\/www.ekd.de<\/a><\/p>\n\n\n\n<h3>Lokal handeln &#8211; global denken<\/h3>\n\n\n\n<p>So beschaulich unsere mittelfr\u00e4nkischen D\u00f6rfer auch sein m\u00f6gen &#8211; als Kirchengemeinde ist uns bewusst, dass wir Teil sind einer gro\u00dfen Gemeinschaft. Einrichtungen unserer Kirche erm\u00f6glichen uns, dass wir mehr tun k\u00f6nnen als ein Mensch allein.<br><br>Es ist ein wesentliches Kriterium von Religiosit\u00e4t, ob sie nur das Wohlbefinden des Einzelnen im Blick hat, oder sich in gesellschaftliche Verantwortung gestellt wei\u00df.<br>F\u00fcr das Christentum ist Glaube nichts wert ohne Liebe. Und Fr\u00f6mmigkeit ohne Sehnsucht nach Gerechtigkeit f\u00fcr alle kaschiert nur eine Form von Egozentrik.<br><br>Darum geh\u00f6ren Kampf gegen Hunger, Ungerechtigkeit, Krankheiten und der Einsatz f\u00fcr Frieden, Gerechtigkeit und Bewahrung der Sch\u00f6pfung wesenhaft zu uns.<br>Wir nutzen die Angebote der Aktion Brot-f\u00fcr-die-Welt. Denn hier wird mit mittlerweile 50 Jahre Erfahrung durchdacht und effektiv gearbeitet.<br>Falls Sie sich daf\u00fcr interessieren, empfehlen wir folgenden link:\u00a0<a rel=\"noreferrer noopener\" href=\"http:\/\/www.brot-fuer-die-welt.de\/\" target=\"_blank\">http:\/\/www.brot-fuer-die-welt.de<\/a>.<br><br>Nat\u00fcrlich gibt es auch Not im eigenen Land &#8211; nicht vergleichbar, aber ebenfalls dr\u00e4ngend.<br>In nahezu jedem Bereichhat die evangelische kirchliche Diakonie fundierte Arbeitsfelder aufgebaut.<br><a rel=\"noreferrer noopener\" href=\"http:\/\/www.diakonie-bayern.de\/\" target=\"_blank\">http:\/\/www.diakonie-bayern.de<\/a><br><br>In Gerolfingen und Aufkirchen sind, wie in vielen D\u00f6rfern, Bauernh\u00f6fe aufgegeben worden. Die verbliebenen Landwirte sp\u00fcren immer mehr die Auswirkungen der Globalisierung.<br>Es ist klar: Wenn die Kirche f\u00fcr Fairen Handel wirbt, dann profitieren nicht nur die Kleinbauern in fernen L\u00e4ndern, sondern letztendlich auch wir.<br><br>Sollten Sie faire Waren noch nicht in Ihren Gesch\u00e4ften vor Ort bekommen, hier einige links:<br><a rel=\"noreferrer noopener\" href=\"http:\/\/www.gepa.de\/\" target=\"_blank\">http:\/\/www.gepa.de<\/a><br><a rel=\"noreferrer noopener\" href=\"http:\/\/www.fairtrade.de\/\" target=\"_blank\">http:\/\/www.fairtrade.de<\/a><br>Wenn Sie sich \u00fcber die gr\u00f6\u00dferen Zusammenh\u00e4nge informieren wollen:\u00a0<a rel=\"noreferrer noopener\" href=\"http:\/\/www.inkota.de\/\" target=\"_blank\">http:\/\/www.inkota.de<\/a><\/p>\n\n\n\n<h3>Der Kirchenvorstand der Gemeinde Gerolfingen<\/h3>\n\n\n\n<p>Herr Steffen Neumann<br>Frau Gerda Fickel (Vertrauensfrau)<br>Herr Matthias Fickel (2. Vertrauensmann)<br>Frau Melanie Gruber\u00a0<br>Frau Monika Bergler<br>Frau Nadja Steinmann<br><br>Pfarramtssekret\u00e4rin: Frau Erna Sch\u00fcbel<\/p>\n\n\n\n<h3>Kontakt<\/h3>\n\n\n\n<p>Pfarrer<br>Dieter Gerh\u00e4user<br><br>Pfarrstr. 4<br>91726 Gerolfingen<br><br>Tel: 09854 229<br>Mail: pfarramt.gerolfingen@elkb.de<br><br>Sehen Sie doch auch auf unsere anderen Seiten, da erfahren Sie noch mehr \u00fcber unsere Gemeinden:<br><br>f\u00fcr Aufkirchen:<br><a rel=\"noreferrer noopener\" href=\"http:\/\/www.aufkirchen-evangelisch.de\/\" target=\"_blank\">http:\/\/www.aufkirchen-evangelisch.de<\/a><br><br>Viel Spa\u00df beim Surfen!<\/p>\n","protected":false},"excerpt":{"rendered":"<p>Willkommen auf der Sonnenseite des Hesselberges bei der Evangelisch-Lutherischen Kirchengemeinde Gerolfingen im Dekanat Wassertr\u00fcdingen! Am Fu\u00df des Hesselbergs, dem &#8222;Zeugenberg&#8220; Mittelfrankens, nah am Kulturerbe &#8222;Limes&#8220; liegt Gerolfingen. Die St. Erhardskirche wacht, von der Hauptstra\u00dfe etwas abger\u00fcckt, \u00fcber die H\u00f6fe und H\u00e4user des Stra\u00dfendorfes im W\u00f6rnitztal. Gottesdienste, Veranstaltungen, Seelsorge Gottesdienste sonntags w\u00f6chentlich im Wechsel um8 Uhr <a class=\"more-link\" href=\"http:\/\/gerolfingen-evangelisch.de\/?page_id=105\">Weiterlesen <i class=\"fa fa-chevron-right\"><\/i><\/a><\/p>\n","protected":false},"author":1,"featured_media":0,"parent":0,"menu_order":0,"comment_status":"closed","ping_status":"closed","template":"","meta":[],"_links":{"self":[{"href":"http:\/\/gerolfingen-evangelisch.de\/index.php?rest_route=\/wp\/v2\/pages\/105"}],"collection":[{"href":"http:\/\/gerolfingen-evangelisch.de\/index.php?rest_route=\/wp\/v2\/pages"}],"about":[{"href":"http:\/\/gerolfingen-evangelisch.de\/index.php?rest_route=\/wp\/v2\/types\/page"}],"author":[{"embeddable":true,"href":"http:\/\/gerolfingen-evangelisch.de\/index.php?rest_route=\/wp\/v2\/users\/1"}],"replies":[{"embeddable":true,"href":"http:\/\/gerolfingen-evangelisch.de\/index.php?rest_route=%2Fwp%2Fv2%2Fcomments&post=105"}],"version-history":[{"count":3,"href":"http:\/\/gerolfingen-evangelisch.de\/index.php?rest_route=\/wp\/v2\/pages\/105\/revisions"}],"predecessor-version":[{"id":124,"href":"http:\/\/gerolfingen-evangelisch.de\/index.php?rest_route=\/wp\/v2\/pages\/105\/revisions\/124"}],"wp:attachment":[{"href":"http:\/\/gerolfingen-evangelisch.de\/index.php?rest_route=%2Fwp%2Fv2%2Fmedia&parent=105"}],"curies":[{"name":"wp","href":"https:\/\/api.w.org\/{rel}","templated":true}]}}

<h3>Willkommen auf der Sonnenseite des Hesselberges bei der Evangelisch-Lutherischen Kirchengemeinde Gerolfingen im Dekanat Wassertrüdingen!</h3>



<p>Am Fuß des Hesselbergs, dem &#8222;Zeugenberg&#8220; Mittelfrankens, nah am Kulturerbe &#8222;Limes&#8220; liegt Gerolfingen.<br><br>Die St. Erhardskirche wacht, von der Hauptstraße etwas abgerückt, über die Höfe und Häuser des Straßendorfes im Wörnitztal.</p>



<h3>Gottesdienste, Veranstaltungen, Seelsorge</h3>



<p>Gottesdienste sonntags wöchentlich im Wechsel um<br>8 Uhr 45 und 10 Uhr,<br><br>Unsere vielfältigen kirchlichen Veranstaltungen werden im Gemeindebrief &#8222;Die Brücke&#8220; und in der Tagespresse bekannt gegeben.</p>



<h3>&#8222;Evangelisch sein: in Glaube, Theologie und Leben&#8220;</h3>



<p>Wenn Sie viel wollen &#8211; viel für den Verstand, die Seele und Ihr Handeln &#8211; dann wird die Evangelische Kirche Ihnen auch viel bieten.<br><br>Diese Homepage ist nicht geeignet, hier die Fülle und hohe Qualität des Protestantismus darzustellen. Außerdem geht es ja um IHRE individuellen Fragen und Ansätze &#8211; und da ist das persönliche Gespräch mit Fachleuten jedem Internetauftritt überlegen. Darum: Wenden Sie sich an Ihre Pfarrerin und Ihren Pfarrer &#8211; dies sind Menschen, die das Fachwissen der Theologie mit der Praxis von Seelsorge und Leben verbinden und gerne für Sie da sind! Unsere Angebote sind für Sie kostenfrei!<br><br>Ganz anders, aber durchaus auch weiterführend: <a rel="noreferrer noopener" href="http://www.ekd.de/" target="_blank">http://www.ekd.de</a></p>



<h3>Lokal handeln &#8211; global denken</h3>



<p>So beschaulich unsere mittelfränkischen Dörfer auch sein mögen &#8211; als Kirchengemeinde ist uns bewusst, dass wir Teil sind einer großen Gemeinschaft. Einrichtungen unserer Kirche ermöglichen uns, dass wir mehr tun können als ein Mensch allein.<br><br>Es ist ein wesentliches Kriterium von Religiosität, ob sie nur das Wohlbefinden des Einzelnen im Blick hat, oder sich in gesellschaftliche Verantwortung gestellt weiß.<br>Für das Christentum ist Glaube nichts wert ohne Liebe. Und Frömmigkeit ohne Sehnsucht nach Gerechtigkeit für alle kaschiert nur eine Form von Egozentrik.<br><br>Darum gehören Kampf gegen Hunger, Ungerechtigkeit, Krankheiten und der Einsatz für Frieden, Gerechtigkeit und Bewahrung der Schöpfung wesenhaft zu uns.<br>Wir nutzen die Angebote der Aktion Brot-für-die-Welt. Denn hier wird mit mittlerweile 50 Jahre Erfahrung durchdacht und effektiv gearbeitet.<br>Falls Sie sich dafür interessieren, empfehlen wir folgenden link: <a rel="noreferrer noopener" href="http://www.brot-fuer-die-welt.de/" target="_blank">http://www.brot-fuer-die-welt.de</a>.<br><br>Natürlich gibt es auch Not im eigenen Land &#8211; nicht vergleichbar, aber ebenfalls drängend.<br>In nahezu jedem Bereichhat die evangelische kirchliche Diakonie fundierte Arbeitsfelder aufgebaut.<br><a rel="noreferrer noopener" href="http://www.diakonie-bayern.de/" target="_blank">http://www.diakonie-bayern.de</a><br><br>In Gerolfingen und Aufkirchen sind, wie in vielen Dörfern, Bauernhöfe aufgegeben worden. Die verbliebenen Landwirte spüren immer mehr die Auswirkungen der Globalisierung.<br>Es ist klar: Wenn die Kirche für Fairen Handel wirbt, dann profitieren nicht nur die Kleinbauern in fernen Ländern, sondern letztendlich auch wir.<br><br>Sollten Sie faire Waren noch nicht in Ihren Geschäften vor Ort bekommen, hier einige links:<br><a rel="noreferrer noopener" href="http://www.gepa.de/" target="_blank">http://www.gepa.de</a><br><a rel="noreferrer noopener" href="http://www.fairtrade.de/" target="_blank">http://www.fairtrade.de</a><br>Wenn Sie sich über die größeren Zusammenhänge informieren wollen: <a rel="noreferrer noopener" href="http://www.inkota.de/" target="_blank">http://www.inkota.de</a></p>



<h3>Der Kirchenvorstand der Gemeinde Gerolfingen</h3>



<p>Herr Steffen Neumann<br>Frau Gerda Fickel (Vertrauensfrau)<br>Herr Matthias Fickel (2. Vertrauensmann)<br>Frau Melanie Gruber <br>Frau Monika Bergler<br>Frau Nadja Steinmann<br><br>Pfarramtssekretärin: Frau Erna Schübel</p>



<h3>Kontakt</h3>



<p>Pfarrer<br>Dieter Gerhäuser<br><br>Pfarrstr. 4<br>91726 Gerolfingen<br><br>Tel: 09854 229<br>Mail: pfarramt.gerolfingen@elkb.de<br><br>Sehen Sie doch auch auf unsere anderen Seiten, da erfahren Sie noch mehr über unsere Gemeinden:<br><br>für Aufkirchen:<br><a rel="noreferrer noopener" href="http://www.aufkirchen-evangelisch.de/" target="_blank">http://www.aufkirchen-evangelisch.de</a><br><br>Viel Spaß beim Surfen!</p>

<p>Willkommen auf der Sonnenseite des Hesselberges bei der Evangelisch-Lutherischen Kirchengemeinde Gerolfingen im Dekanat Wassertrüdingen! Am Fuß des Hesselbergs, dem &#8222;Zeugenberg&#8220; Mittelfrankens, nah am Kulturerbe &#8222;Limes&#8220; liegt Gerolfingen. Die St. Erhardskirche wacht, von der Hauptstraße etwas abgerückt, über die Höfe und Häuser des Straßendorfes im Wörnitztal. Gottesdienste, Veranstaltungen, Seelsorge Gottesdienste sonntags wöchentlich im Wechsel um8 Uhr <a class="more-link" href="http://gerolfingen-evangelisch.de/?page_id=105">Weiterlesen <i class="fa fa-chevron-right"></i></a></p>
